{"id":1009,"date":"2020-07-17T11:31:19","date_gmt":"2020-07-17T14:31:19","guid":{"rendered":"http:\/\/c1482066.ferozo.com\/?page_id=1009"},"modified":"2020-07-20T11:52:44","modified_gmt":"2020-07-20T14:52:44","slug":"fotogaleria","status":"publish","type":"page","link":"https:\/\/www.ayresderiodecolon.com.ar\/?page_id=1009","title":{"rendered":"Fotogaler\u00eda"},"content":{"rendered":"\t\t<div data-elementor-type=\"wp-page\" data-elementor-id=\"1009\" class=\"elementor elementor-1009\">\n\t\t\t\t\t\t<section class=\"elementor-section elementor-top-section elementor-element elementor-element-9ca1a01 elementor-section-boxed elementor-section-height-default elementor-section-height-default\" data-id=\"9ca1a01\" data-element_type=\"section\" data-e-type=\"section\">\n\t\t\t\t\t\t<div class=\"elementor-container elementor-column-gap-default\">\n\t\t\t\t\t\t<\/div>\n\t\t<\/section>\n\t\t\t\t<section class=\"elementor-section elementor-top-section elementor-element elementor-element-d8db7e9 elementor-section-stretched elementor-section-boxed elementor-section-height-default elementor-section-height-default\" data-id=\"d8db7e9\" data-element_type=\"section\" data-e-type=\"section\" data-settings=\"{&quot;stretch_section&quot;:&quot;section-stretched&quot;}\">\n\t\t\t\t\t\t<div class=\"elementor-container elementor-column-gap-default\">\n\t\t\t\t\t<div class=\"elementor-column elementor-col-100 elementor-top-column elementor-element elementor-element-a455bca\" data-id=\"a455bca\" data-element_type=\"column\" data-e-type=\"column\">\n\t\t\t<div class=\"elementor-widget-wrap\">\n\t\t\t\t\t\t\t<\/div>\n\t\t<\/div>\n\t\t\t\t\t<\/div>\n\t\t<\/section>\n\t\t\t\t<\/div>\n\t\t","protected":false},"excerpt":{"rendered":"","protected":false},"author":1,"featured_media":0,"parent":0,"menu_order":0,"comment_status":"closed","ping_status":"closed","template":"","meta":{"footnotes":""},"class_list":["post-1009","page","type-page","status-publish","hentry"],"yoast_head":"<!-- This site is optimized with the Yoast SEO plugin v27.4 - https:\/\/yoast.com\/product\/yoast-seo-wordpress\/ -->\n<title>Fotogaler\u00eda &#183; Ayres de R\u00edo de Col\u00f3n<\/title>\n<meta name=\"description\" content=\"Caba\u00f1as, hotel, alojamiento con pileta piscina climatizada en Col\u00f3n, Entre R\u00edos.\" \/>\n<meta name=\"robots\" content=\"index, follow, max-snippet:-1, max-image-preview:large, max-video-preview:-1\" \/>\n<link rel=\"canonical\" href=\"https:\/\/www.ayresderiodecolon.com.ar\/?page_id=1009\" \/>\n<meta name=\"twitter:card\" content=\"summary_large_image\" \/>\n<meta name=\"twitter:title\" content=\"Fotogaler\u00eda &#183; Ayres de R\u00edo de Col\u00f3n\" \/>\n<meta name=\"twitter:description\" content=\"Caba\u00f1as, hotel, alojamiento con pileta piscina climatizada en Col\u00f3n, Entre R\u00edos.\" \/>\n<script type=\"application\/ld+json\" class=\"yoast-schema-graph\">{\"@context\":\"https:\\\/\\\/schema.org\",\"@graph\":[{\"@type\":\"WebPage\",\"@id\":\"https:\\\/\\\/www.ayresderiodecolon.com.ar\\\/?page_id=1009\",\"url\":\"https:\\\/\\\/www.ayresderiodecolon.com.ar\\\/?page_id=1009\",\"name\":\"Fotogaler\u00eda &#183; Ayres de R\u00edo de Col\u00f3n\",\"isPartOf\":{\"@id\":\"https:\\\/\\\/www.ayresderiodecolon.com.ar\\\/#website\"},\"datePublished\":\"2020-07-17T14:31:19+00:00\",\"dateModified\":\"2020-07-20T14:52:44+00:00\",\"description\":\"Caba\u00f1as, hotel, alojamiento con pileta piscina climatizada en Col\u00f3n, Entre R\u00edos.\",\"breadcrumb\":{\"@id\":\"https:\\\/\\\/www.ayresderiodecolon.com.ar\\\/?page_id=1009#breadcrumb\"},\"inLanguage\":\"es\",\"potentialAction\":[{\"@type\":\"ReadAction\",\"target\":[\"https:\\\/\\\/www.ayresderiodecolon.com.ar\\\/?page_id=1009\"]}]},{\"@type\":\"BreadcrumbList\",\"@id\":\"https:\\\/\\\/www.ayresderiodecolon.com.ar\\\/?page_id=1009#breadcrumb\",\"itemListElement\":[{\"@type\":\"ListItem\",\"position\":1,\"name\":\"Inicio\",\"item\":\"https:\\\/\\\/www.ayresderiodecolon.com.ar\\\/\"},{\"@type\":\"ListItem\",\"position\":2,\"name\":\"Fotogaler\u00eda\"}]},{\"@type\":\"WebSite\",\"@id\":\"https:\\\/\\\/www.ayresderiodecolon.com.ar\\\/#website\",\"url\":\"https:\\\/\\\/www.ayresderiodecolon.com.ar\\\/\",\"name\":\"Ayres de R\u00edo de Col\u00f3n\",\"description\":\"Caba\u00f1as en Col\u00f3n, Entre R\u00edos\",\"publisher\":{\"@id\":\"https:\\\/\\\/www.ayresderiodecolon.com.ar\\\/#organization\"},\"potentialAction\":[{\"@type\":\"SearchAction\",\"target\":{\"@type\":\"EntryPoint\",\"urlTemplate\":\"https:\\\/\\\/www.ayresderiodecolon.com.ar\\\/?s={search_term_string}\"},\"query-input\":{\"@type\":\"PropertyValueSpecification\",\"valueRequired\":true,\"valueName\":\"search_term_string\"}}],\"inLanguage\":\"es\"},{\"@type\":\"Organization\",\"@id\":\"https:\\\/\\\/www.ayresderiodecolon.com.ar\\\/#organization\",\"name\":\"Ayres de R\u00edo de Col\u00f3n\",\"url\":\"https:\\\/\\\/www.ayresderiodecolon.com.ar\\\/\",\"logo\":{\"@type\":\"ImageObject\",\"inLanguage\":\"es\",\"@id\":\"https:\\\/\\\/www.ayresderiodecolon.com.ar\\\/#\\\/schema\\\/logo\\\/image\\\/\",\"url\":\"http:\\\/\\\/c1482066.ferozo.com\\\/wp-content\\\/uploads\\\/2020\\\/07\\\/logoweb-2.png\",\"contentUrl\":\"http:\\\/\\\/c1482066.ferozo.com\\\/wp-content\\\/uploads\\\/2020\\\/07\\\/logoweb-2.png\",\"width\":163,\"height\":80,\"caption\":\"Ayres de R\u00edo de Col\u00f3n\"},\"image\":{\"@id\":\"https:\\\/\\\/www.ayresderiodecolon.com.ar\\\/#\\\/schema\\\/logo\\\/image\\\/\"},\"sameAs\":[\"http:\\\/\\\/www.facebook.com\\\/ayresderiodecolon\",\"http:\\\/\\\/www.instagram.com\\\/ayresderiodecolon\"]}]}<\/script>\n<!-- \/ Yoast SEO plugin. -->","yoast_head_json":{"title":"Fotogaler\u00eda &#183; Ayres de R\u00edo de Col\u00f3n","description":"Caba\u00f1as, hotel, alojamiento con pileta piscina climatizada en Col\u00f3n, Entre R\u00edos.","robots":{"index":"index","follow":"follow","max-snippet":"max-snippet:-1","max-image-preview":"max-image-preview:large","max-video-preview":"max-video-preview:-1"},"canonical":"https:\/\/www.ayresderiodecolon.com.ar\/?page_id=1009","twitter_card":"summary_large_image","twitter_title":"Fotogaler\u00eda &#183; Ayres de R\u00edo de Col\u00f3n","twitter_description":"Caba\u00f1as, hotel, alojamiento con pileta piscina climatizada en Col\u00f3n, Entre R\u00edos.","schema":{"@context":"https:\/\/schema.org","@graph":[{"@type":"WebPage","@id":"https:\/\/www.ayresderiodecolon.com.ar\/?page_id=1009","url":"https:\/\/www.ayresderiodecolon.com.ar\/?page_id=1009","name":"Fotogaler\u00eda &#183; Ayres de R\u00edo de Col\u00f3n","isPartOf":{"@id":"https:\/\/www.ayresderiodecolon.com.ar\/#website"},"datePublished":"2020-07-17T14:31:19+00:00","dateModified":"2020-07-20T14:52:44+00:00","description":"Caba\u00f1as, hotel, alojamiento con pileta piscina climatizada en Col\u00f3n, Entre R\u00edos.","breadcrumb":{"@id":"https:\/\/www.ayresderiodecolon.com.ar\/?page_id=1009#breadcrumb"},"inLanguage":"es","potentialAction":[{"@type":"ReadAction","target":["https:\/\/www.ayresderiodecolon.com.ar\/?page_id=1009"]}]},{"@type":"BreadcrumbList","@id":"https:\/\/www.ayresderiodecolon.com.ar\/?page_id=1009#breadcrumb","itemListElement":[{"@type":"ListItem","position":1,"name":"Inicio","item":"https:\/\/www.ayresderiodecolon.com.ar\/"},{"@type":"ListItem","position":2,"name":"Fotogaler\u00eda"}]},{"@type":"WebSite","@id":"https:\/\/www.ayresderiodecolon.com.ar\/#website","url":"https:\/\/www.ayresderiodecolon.com.ar\/","name":"Ayres de R\u00edo de Col\u00f3n","description":"Caba\u00f1as en Col\u00f3n, Entre R\u00edos","publisher":{"@id":"https:\/\/www.ayresderiodecolon.com.ar\/#organization"},"potentialAction":[{"@type":"SearchAction","target":{"@type":"EntryPoint","urlTemplate":"https:\/\/www.ayresderiodecolon.com.ar\/?s={search_term_string}"},"query-input":{"@type":"PropertyValueSpecification","valueRequired":true,"valueName":"search_term_string"}}],"inLanguage":"es"},{"@type":"Organization","@id":"https:\/\/www.ayresderiodecolon.com.ar\/#organization","name":"Ayres de R\u00edo de Col\u00f3n","url":"https:\/\/www.ayresderiodecolon.com.ar\/","logo":{"@type":"ImageObject","inLanguage":"es","@id":"https:\/\/www.ayresderiodecolon.com.ar\/#\/schema\/logo\/image\/","url":"http:\/\/c1482066.ferozo.com\/wp-content\/uploads\/2020\/07\/logoweb-2.png","contentUrl":"http:\/\/c1482066.ferozo.com\/wp-content\/uploads\/2020\/07\/logoweb-2.png","width":163,"height":80,"caption":"Ayres de R\u00edo de Col\u00f3n"},"image":{"@id":"https:\/\/www.ayresderiodecolon.com.ar\/#\/schema\/logo\/image\/"},"sameAs":["http:\/\/www.facebook.com\/ayresderiodecolon","http:\/\/www.instagram.com\/ayresderiodecolon"]}]}},"_links":{"self":[{"href":"https:\/\/www.ayresderiodecolon.com.ar\/index.php?rest_route=\/wp\/v2\/pages\/1009","targetHints":{"allow":["GET"]}}],"collection":[{"href":"https:\/\/www.ayresderiodecolon.com.ar\/index.php?rest_route=\/wp\/v2\/pages"}],"about":[{"href":"https:\/\/www.ayresderiodecolon.com.ar\/index.php?rest_route=\/wp\/v2\/types\/page"}],"author":[{"embeddable":true,"href":"https:\/\/www.ayresderiodecolon.com.ar\/index.php?rest_route=\/wp\/v2\/users\/1"}],"replies":[{"embeddable":true,"href":"https:\/\/www.ayresderiodecolon.com.ar\/index.php?rest_route=%2Fwp%2Fv2%2Fcomments&post=1009"}],"version-history":[{"count":5,"href":"https:\/\/www.ayresderiodecolon.com.ar\/index.php?rest_route=\/wp\/v2\/pages\/1009\/revisions"}],"predecessor-version":[{"id":1051,"href":"https:\/\/www.ayresderiodecolon.com.ar\/index.php?rest_route=\/wp\/v2\/pages\/1009\/revisions\/1051"}],"wp:attachment":[{"href":"https:\/\/www.ayresderiodecolon.com.ar\/index.php?rest_route=%2Fwp%2Fv2%2Fmedia&parent=1009"}],"curies":[{"name":"wp","href":"https:\/\/api.w.org\/{rel}","templated":true}]}}